culate the greatest common divisor of 690 and 552.
138
What is the greatest common factor of 249 and 1328?
83
What is the greatest common factor of 224 and 532?
28
Calculate the greatest common factor of 31 and 2.
1
What is the greatest common divisor of 3 and 8?
1
What is the greatest common factor of 64 and 56?
8
Calculate the greatest common divisor of 22 and 11.
11
Calculate the highest common divisor of 112 and 2198.
14
Calculate the highest common divisor of 1270 and 130.
10
What is the highest common factor of 185 and 481?
37
Calculate the highest common factor of 54 and 126.
18
Calculate the highest common factor of 11 and 462.
11
Calculate the highest common factor of 8829 and 162.
81
What is the greatest common divisor of 9 and 6912?
9
Calculate the greatest common divisor of 32 and 232.
8
Calculate the highest common divisor of 23 and 368.
23
What is the greatest common factor of 1056 and 1144?
88
Calculate the greatest common divisor of 2682 and 18.
18
Calculate the highest common divisor of 88 and 13618.
22
What is the greatest common factor of 208 and 221?
13
What is the highest common factor of 1548 and 9?
9
Calculate the highest common divisor of 37 and 37.
37
What is the highest common divisor of 89 and 7209?
89
What is the highest common divisor of 68 and 884?
68
Calculate the greatest common divisor of 1014 and 78.
78
Calculate the highest common factor of 564 and 24722.
94
Calculate the greatest common factor of 214 and 7597.
107
What is the highest common divisor of 16025 and 50?
25
What is the greatest common divisor of 1192 and 11771?
149
Calculate the highest common divisor of 290 and 10.
10
What is the greatest common factor of 583 and 11?
11
What is the greatest common divisor of 340 and 20?
20
Calculate the highest common divisor of 583 and 530.
53
Calculate the highest common divisor of 1598 and 94.
94
Calculate the highest common factor of 368 and 8.
8
Calculate the greatest common divisor of 18250 and 584.
146
What is the highest common factor of 3 and 48?
3
Calculate the greatest common divisor of 350 and 280.
70
Calculate the greatest common factor of 2276 and 8.
4
What is the highest common divisor of 994 and 142?
142
Calculate the greatest common divisor of 11 and 242.
11
Calculate the highest common divisor of 378 and 9018.
54
What is the greatest common divisor of 1205 and 6507?
241
Calculate the greatest common divisor of 12 and 1197.
3
What is the highest common factor of 56 and 518?
14
Calculate the highest common divisor of 66 and 176.
22
Calculate the highest common factor of 18 and 180.
18
What is the greatest common divisor of 1536 and 432?
48
Calculate the highest common factor of 14679 and 63.
63
Calculate the greatest common factor of 48 and 216.
24
Calculate the highest common factor of 175 and 14805.
35
What is the highest common divisor of 989 and 1849?
43
What is the highest common divisor of 235 and 5828?
47
Calculate the greatest common divisor of 2156 and 286.
22
What is the greatest common factor of 567 and 21?
21
What is the greatest common divisor of 308 and 330?
22
What is the highest common divisor of 1141 and 2445?
163
What is the greatest common factor of 11446 and 776?
194
What is the highest common divisor of 54 and 44442?
54
What is the highest common factor of 15 and 845?
5
What is the highest common divisor of 189 and 357?
21
What is the highest common divisor of 1408 and 144?
16
Calculate the greatest common divisor of 3249 and 63.
9
Calculate the highest common divisor of 63 and 1365.
21
Calculate the greatest common divisor of 10033 and 508.
127
What is the highest common factor of 2079 and 77?
77
What is the highest common divisor of 30 and 480?
30
Calculate the highest common divisor of 684 and 152.
76
What is the greatest common factor of 2370 and 5?
5
What is the highest common divisor of 198 and 110?
22
Calculate the greatest common divisor of 110 and 20.
10
What is the greatest common divisor of 98 and 28?
14
What is the highest common divisor of 7 and 28?
7
Calculate the greatest common factor of 113 and 226.
113
Calculate the highest common divisor of 182 and 896.
14
Calculate the greatest common factor of 142 and 568.
142
What is the greatest common divisor of 1644 and 24?
12
Calculate the greatest common divisor of 486 and 1044.
18
What is the greatest common divisor of 66 and 1606?
22
What is the highest common factor of 32 and 40?
8
What is the greatest common divisor of 275 and 66?
11
What is the highest common divisor of 500 and 20?
20
Calculate the highest common factor of 420 and 1995.
105
Calculate the greatest common divisor of 8 and 2168.
8
What is the greatest common factor of 665 and 190?
95
Calculate the highest common divisor of 201 and 1273.
67
Calculate the greatest common divisor of 96 and 108.
12
What is the greatest common divisor of 576 and 64?
64
What is the greatest common divisor of 7006 and 62?
62
Calculate the highest common factor of 345 and 15.
15
Calculate the greatest common factor of 14 and 31094.
14
Calculate the greatest common factor of 4 and 244.
4
What is the highest common divisor of 3942 and 108?
54
What is the highest common divisor of 104 and 26?
26
What is the highest common factor of 208 and 91?
13
Calculate the highest common divisor of 1192 and 149.
149
What is the greatest common divisor of 171 and 1254?
57
Calculate the highest common factor of 119 and 1071.
119
Calculate the greatest common divisor of 64 and 24.
8
What is the highest common divisor of 322 and 19159?
161
Calculate the greatest common factor of 360 and 36.
36
Calculate the highest common divisor of 8 and 164.
4
What is the greatest common factor of 784 and 182?
14
Calculate the greatest common factor of 128 and 4.
4
Calculate the greatest common factor of 9 and 162.
9
Calculate the greatest common divisor of 25 and 230.
5
Calculate the highest common divisor of 110 and 209.
11
Calculate the highest common factor of 95 and 817.
19
What is the greatest common divisor of 68 and 4?
4
Calculate the greatest common divisor of 117 and 27.
9
What is the greatest common factor of 783 and 29?
29
Calculate the highest common factor of 162 and 26730.
162
What is the greatest common divisor of 217 and 279?
31
Calculate the greatest common factor of 1258 and 34.
34
Calculate the highest common factor of 200 and 125.
25
What is the greatest common factor of 2668 and 116?
116
What is the greatest common factor of 13 and 299?
13
Calculate the highest common divisor of 3985 and 10.
5
What is the greatest common factor of 20 and 860?
20
Calculate the highest common divisor of 18 and 4.
2
What is the highest common factor of 658 and 42?
14
Calculate the highest common divisor of 36 and 11007.
9
Calculate the highest common divisor of 245 and 85.
5
What is the highest common divisor of 20 and 5?
5
What is the highest common factor of 83 and 55859?
83
What is the highest common divisor of 67 and 1139?
67
What is the greatest common divisor of 410 and 164?
82
What is the greatest common divisor of 5965 and 5?
5
What is the highest common divisor of 16 and 14?
2
What is the highest common factor of 885 and 9381?
177
What is the highest common factor of 13871 and 143?
143
Calculate the greatest common divisor of 657 and 9.
9
What is the greatest common divisor of 1445 and 255?
85
What is the highest common divisor of 48 and 448?
16
Calculate the highest common factor of 39 and 2600.
13
What is the highest common factor of 730 and 3869?
73
Calculate the greatest common factor of 10 and 57170.
10
Calculate the greatest common divisor of 26064 and 16.
16
Calculate the highest common factor of 490 and 70.
70
Calculate the highest common divisor of 54 and 74.
2
Calculate the highest common factor of 17458 and 14.
14
What is the highest common factor of 368 and 1?
1
Calculate the greatest common divisor of 560 and 216.
8
Calculate the highest common divisor of 72 and 40.
8
Calculate the highest common divisor of 1152 and 8.
8
Calculate the highest common factor of 5576 and 1107.
41
What is the greatest common factor of 736 and 92?
92
Calculate the highest common factor of 486 and 432.
54
Calculate the highest common divisor of 169 and 13.
13
What is the highest common factor of 8 and